 base 11, what is 2a7065 - -333?
2a7398
In base 10, what is 41 - -3255676?
3255717
In base 10, what is -5 + 1702394?
1702389
In base 8, what is -220113 - 4?
-220117
In base 10, what is -2674965 + -7?
-2674972
In base 9, what is 864 - 55?
808
In base 14, what is -b0c45 - -53?
-b0bd2
In base 2, what is 11011101001000000111 - -100011111?
11011101001100100110
In base 2, what is 10000100111010010 + 100110011011?
10001001101101101
In base 6, what is -1202 - 351540?
-353142
In base 13, what is -1 - -1641536?
1641535
In base 3, what is -1222212012 - 20021?
-2000002110
In base 3, what is -2002 - -11201211021101?
11201211012022
In base 2, what is 101101100101 + 11000110110010?
11110100010111
In base 9, what is 117 + 3507454?
3507572
In base 7, what is 30 + 303025?
303055
In base 14, what is -4 - 2753c06?
-2753c0a
In base 15, what is 815e80 - 5?
815e7a
In base 4, what is 11121211 + -23?
11121122
In base 7, what is -312656136 - -1?
-312656135
In base 11, what is -26a342 + 24?
-26a319
In base 7, what is -40242 + 1461304?
1421032
In base 14, what is 566224 - 5d?
5661a5
In base 10, what is 107569 - 107?
107462
In base 10, what is -44 - -37434?
37390
In base 9, what is 2140167 - -28?
2140206
In base 6, what is 15052525103 - 3?
15052525100
In base 2, what is 1000111100110000 + 10110100000011?
1011110000110011
In base 12, what is 255 - -21baa?
22243
In base 2, what is -10000000110110001001000111 + 1?
-10000000110110001001000110
In base 16, what is 452c3c - c?
452c30
In base 3, what is 1111201 + -102100121?
-100211220
In base 16, what is 11d - a9?
74
In base 16, what is -b6379a + 2?
-b63798
In base 14, what is -3 + 9ab578?
9ab575
In base 3, what is 1022020 - 20100012222?
-20021220202
In base 8, what is 41 + 4327571?
4327632
In base 4, what is -2023112300333 - -11?
-2023112300322
In base 14, what is 565405 - 5?
565400
In base 16, what is -c980a + -4?
-c980e
In base 12, what is -b0 + -a1581?
-a1671
In base 13, what is -4 + 4952581b?
49525817
In base 9, what is 577773 - -273?
578156
In base 10, what is -2821575 + 5?
-2821570
In base 7, what is -12151 + 110252?
65101
In base 8, what is 10320 + -1214?
7104
In base 5, what is -121412300304 - 2?
-121412300311
In base 16, what is 4447 + 3?
444a
In base 7, what is -200 + -3443421?
-3443621
In base 5, what is -2 + -332430420241?
-332430420243
In base 9, what is -4 + -517250241?
-517250245
In base 10, what is -102 - -155302?
155200
In base 11, what is 1a - -293033?
293052
In base 3, what is -12 - -200210121010?
200210120221
In base 8, what is -6267661 - 15?
-6267676
In base 5, what is 14120020 + -4241?
14110224
In base 9, what is 3 - -5700316?
5700320
In base 10, what is 14 - 1322400?
-1322386
In base 2, what is -10 + -11100000101001001110110?
-11100000101001001111000
In base 13, what is -9 + -1062a5?
-1062b1
In base 15, what is 1e88b45 - -11?
1e88b56
In base 11, what is -13a599437 + -2?
-13a599439
In base 8, what is 4 - 4515201?
-4515175
In base 3, what is 211002111 + -122101?
210110010
In base 8, what is -21 - 7340247?
-7340270
In base 10, what is -790 - -61015?
60225
In base 8, what is 14 - -2257401?
2257415
In base 9, what is -10136586 - 3?
-10136600
In base 4, what is 1333213 + 333123?
2333002
In base 4, what is 201 - -12111331320?
12111332121
In base 15, what is 29 - -43b36?
43b60
In base 2, what is 1110100111111011100 - 1100?
1110100111111010000
In base 10, what is -1070 + 456122?
455052
In base 7, what is -113454411 - 3?
-113454414
In base 5, what is -1324143 - 30131?
-1404324
In base 2, what is -100 - -100011100110111111000000?
100011100110111110111100
In base 15, what is 17d78 + -5?
17d73
In base 8, what is -2075334 - 2166?
-2077522
In base 3, what is -20102000 - 1011122?
-21120122
In base 12, what is 1 - -2521111?
2521112
In base 11, what is -147 + 156032?
155996
In base 2, what is 1000010100111111 + 1001101001011?
1001100010001010
In base 7, what is -14630354 + 22?
-14630332
In base 11, what is -4 - -35954112?
35954109
In base 13, what is -1b45c - 154?
-1b5b3
In base 2, what is 11000100101 - 10101010001010101?
-10100111000110000
In base 3, what is 1011110001021111220 - 11?
1011110001021111202
In base 3, what is 2 + -100101120120100121?
-100101120120100112
In base 2, what is -10010111001001001001 - -1000010?
-10010111001000000111
In base 12, what is 1a0 + -abbb?
-aa1b
In base 2, what is -11111000111101100010 + 1100?
-11111000111101010110
In base 2, what is 100100 - -101011110001000111010001?
101011110001000111110101
In base 6, what is -12511104231 + 4?
-12511104223
In base 3, what is -1021221002 - -21111111?
-1000102121
In base 4, what is 1112 + 113302021?
113303133
In base 8, what is -26 + 1707106?
1707060
In base 4, what is 113033223 - -10?
113033233
In base 9, what is 34 + -55300?
-55255
In base 15, what is -12c91de - -5?
-12c91d9
In base 9, what is 3321108 + 48?
3321157
In base 15, what is a - -31983?
3198d
In base 13, what is -150c10 - -b90?
-150050
In base 12, what is 0 + 4304802?
4304802
In base 13, what is -4c26889 + -5?
-4c26891
In base 11, what is 32786073 + 3?
32786076
In base 15, what is -b0 + -3711d?
-371cd
In base 12, what is -b58665 + -2?
-b58667
In base 15, what is 4033 - -1bb0?
5be3
In base 13, what is 7777 - -1c0?
7967
In base 15, what is 3 - 9c8043e?
-9c8043b
In base 4, what is 3 - 1033213333030?
-1033213333021
In base 3, what is -211101001220112122 + -2?
-211101001220112201
In base 13, what is -2294b + 447?
-22504
In base 7, what is -11402 - -1006105?
664403
In base 12, what is -1676 - 1b2442?
-1b3ab8
In base 11, what is -56 + 1a9390?
1a9335
In base 8, what is -253 + -7630161?
-7630434
In base 15, what is 8 + -b39bb?
-b39b3
In base 13, what is -1288a + -64?
-12921
In base 6, what is -1345 + 244000?
242211
In base 3, what is 2212 - -222022012?
222102001
In base 4, what is -10013210111 + 3?
-10013210102
In base 11, what is -7511 - -698?
-6924
In base 16, what is 169121d - 2?
169121b
In base 6, what is -41043044 + 1250?
-41041354
In base 8, what is -33174755 - 21?
-33174776
In base 6, what is 2440441 + -45412?
2351025
In base 15, what is -803 + 2bdc?
23d9
In base 4, what is -2120332232 + -101?
-2120332333
In base 11, what is -4a8067 + -68?
-4a8124
In base 10, what is 43815451 - 6?
43815445
In base 13, what is -14cc29c0 + 0?
-14cc29c0
In base 10, what is 25 + -849956?
-849931
In base 2, what is -1100001010110001 + 101000110?
-1100000101101011
In base 11, what is -17 - -17488096?
1748807a
In base 13, what is -2b492 - -2818?
-28977
In base 9, what is -113273 + 217?
-113055
In base 16, what is 48b90dd + 3?
48b90e0
In base 5, what is -434300214 - -3?
-434300211
In base 5, what is 2413210242424 - 1?
2413210242423
In base 4, what is 33122 + 1012001021?
1012100203
In base 4, what is 320012131213 + -111?
320012131102
In base 5, what is 323323144 - -3231?
323331430
In base 5, what is -3234024 - 220?
-3234244
In base 5, what is -14020 - 44003?
-113023
In base 14, what is 474 + 4540?
49b4
In base 2, what is -100111100100101110001111 + 0?
-100111100100101110001111
In base 3, what is -12 + -20112101210121?
-20112101210210
In base 11, what is 0 + -2104930?
-2104930
In base 8, what is -7274 - 525751?
-535245
In base 6, what is 1134 + -1223213?
-1222035
In base 13, what is -c7 + 30b4a4?
30b3aa
In base 11, what is -8 - 147a305?
-147a312
In base 14, what is -1a - a31c1?
-a31db
In base 2, what is 1101011 + 100111110000110100011100?
100111110000110110000111
In base 14, what is 28 - aa25?
-a9db
In base 14, what is 2a6 + -1cbb4?
-1c90c
In base 2, what is 110 + -100001101111001011010111010?
-100001101111001011010110100
In base 10, what is 21 - -8392910?
8392931
In base 14, what is -51 - 170db?
-1714c
In base 8, what is 302 + 11327255?
11327557
In base 16, what is -7c09a8f + -3?
-7c09a92
In base 13, what is 177946b - 2a?
1779441
In base 7, what is 11 + -12466665?
-12466654
In base 9, what is -11 + 60351042?
60351031
In base 7, what is -643634145 - 0?
-643634145
In base 16, what is 359fd - 8?
359f5
In base 13, what is -4 + -1606a9b?
-1606aa2
In base 10, what is -148 - 5141215?
-5141363
In base 15, what is -da79e + -9a?
-da849
In base 4, what is 1 + 130220121031?
130220121032
In base 11, what is 695028 + -1a?
695009
In base 6, what is -10 + -23435504?
-23435514
In base 10, what is -1360 + -171?
-1531
In base 8, what 